 - 177. What is the highest common divisor of 2 and f?
2
Suppose 0*i + 5 = 2*s - i, -7 = -s + 5*i. Suppose -f - s + 14 = 0. What is the highest common factor of f and 84?
12
Let v be 14 + 8/(-5 + 7). Calculate the highest common divisor of v and 1818.
18
Suppose 2*l - 22 = -0*l + 5*g, 4*l - 12 = 2*g. What is the greatest common divisor of 31 and l?
1
Suppose -5*x + 4*l = -x - 88, 4*l + 112 = 5*x. Let v be 13 - (-2 - 3)/(-5). What is the highest common divisor of v and x?
12
Let j be (-37 + 77)*1/2. Calculate the highest common factor of 16 and j.
4
Suppose 4*o - 34 = -10. Let n(f) = -f**2 + 8*f + 6. Let l be n(6). What is the greatest common divisor of l and o?
6
Let c(q) = -q**3 + 7*q**2 + 7. Let d be c(5). Let a(w) = w**3 + 6*w**2 - 6*w - 4. Let u be a(-7). Let m = u + 30. What is the highest common divisor of d and m?
19
Suppose -w = 2*p - 23, -5*p + 0*w + 56 = 2*w. Let h(l) = 3*l + 35. Let v be h(-5). What is the highest common divisor of v and p?
10
Suppose 5*t - 5*j = -2*j + 47, 2*t - 5*j = 15. What is the highest common divisor of 2 and t?
2
Let n = -42 - -119. Suppose -29 = -u - 2*i - 3*i, 5*u = 3*i + 5. Suppose u*j = 17 + 11. What is the greatest common divisor of j and n?
7
Let k(b) = -4*b + 6. Let r be (-1 - -16)/(-4 - -3). Let q be k(r). What is the highest common factor of 6 and q?
6
Suppose l = 3*i - 4 + 31, -3*l - 4*i = -55. Let m = -11 - -16. Suppose -r + 13 = -5*t, -3*t + l = 2*r - m. Calculate the greatest common factor of r and 143.
13
Let z(s) = 2*s**2 - 5*s + 1. Let f(h) = -3*h**2 + 5*h - 3. Let p(x) = -3*f(x) - 4*z(x). Let v be p(-4). What is the greatest common factor of v and 8?
1
Let g(u) = 5*u**2 + 12*u - 196. Let v be g(10). Calculate the highest common factor of v and 159.
53
Suppose 0 = 5*f + 4*v - 376, 0 = -3*f + 5*v - 9*v + 232. What is the greatest common factor of f and 45?
9
Let i = -90 - -141. Let m = i - -59. Let k(u) = u + 22. Let v be k(-12). What is the highest common factor of m and v?
10
Suppose -15*j + 7410 = 23*j. Let r be (-2*3)/((-1)/13). What is the highest common factor of r and j?
39
Let x = -1907 + 1919. Calculate the highest common divisor of 852 and x.
12
Suppose -a + 4*a = 3, 0 = 3*p + a - 19. Suppose -p*h + 60 = -11*h. Let r = h - -26. Calculate the highest common factor of 112 and r.
14
Let t be (0 + 336)*(-600)/(-180). What is the highest common divisor of 96 and t?
32
Let v = 99 - 45. Let k = 84 - v. Calculate the greatest common factor of 10 and k.
10
Let g = -34 - -106. Let h = 78 - g. Calculate the greatest common divisor of h and 6.
6
Let q be -3 + 9 - (1 - (-2 - -1)). Let z = -27 - -28. Calculate the highest common divisor of q and z.
1
Let n(u) = 8*u - 7 + 5*u - 2*u + 0*u. Let g be (-7)/14 + (-30)/(-4). Let b be n(g). What is the highest common factor of 10 and b?
10
Let h(z) = z**2 - 20*z - 6. Let q be h(21). Suppose -5*w = -q, 3*g + 3*w = 7*g - 355. What is the greatest common divisor of g and 13?
13
Let y = -159 + 200. Calculate the greatest common divisor of y and 41.
41
Suppose 3*p + 7 = -65. Let c be (44/p + 0)*-6. What is the highest common factor of c and 11?
11
Let s = 14 - 10. Suppose -s*b + 3 = -61. What is the highest common divisor of 4 and b?
4
Let o = -82 + 154. Suppose 228*u = 243*u - 360. Calculate the highest common divisor of u and o.
24
Suppose -4*j = -3*j - 2, x = -5*j + 40. What is the highest common divisor of 170 and x?
10
Suppose -3*g + 1 = z - 3*z, 3*g - 5*z = -11. Let h be -4 - 14*g/(-6). Suppose -60 = -2*i - h*i. Calculate the greatest common factor of 3 and i.
3
Let l be -87*(-11)/99*141. Calculate the greatest common divisor of l and 94.
47
Let v = -51 - -78. Suppose -a + 36 = v. Let l be 7 + 0 - (-6)/3. Calculate the greatest common divisor of l and a.
9
Let r = -60 + 67. Let y(s) = 2*s**2 + 3*s. Let w be y(-2). Let q be -7*(-1)/w*2. Calculate the highest common factor of r and q.
7
Let g(b) = b**3 + 3*b**2 - 4*b + 5. Let z be g(-4). Let q = 350 - 295. Calculate the highest common divisor of z and q.
5
Let r(l) = l**3 + 5*l**2 - 6*l. Let q be r(-6). Let m be 254*((-2)/(-4) + q). Let b = m - 72. Calculate the greatest common divisor of b and 11.
11
Let j = 6 + -5. Let i(t) = 39*t**2 + t. Let d be i(j). Calculate the greatest common divisor of d and 360.
40
Suppose -87*m + 97*m - 310 = 0. Let d = 236 + -112. What is the greatest common factor of m and d?
31
Suppose -640 = -141*z + 137*z. What is the greatest common divisor of 720 and z?
80
Suppose 20*t - 24*t = -5*j - 768, j = 3*t - 576. Calculate the greatest common divisor of t and 704.
64
Let z be (8/3)/(1/6). Let u be (12/z)/((-2)/(-112)). Suppose -3*s = 3*r - 177, -10*s = 4*r - 8*s - 244. What is the highest common factor of u and r?
21
Suppose -61 + 169 = 3*n. Let f(y) = -3*y**3 - 3*y**2 - y - 2. Let o be 35/(-15) - 2/(-6). Let c be f(o). Calculate the highest common factor of n and c.
12
Let q be 112/(-308) - 33554/(-11). Calculate the highest common factor of 122 and q.
122
Let f(d) = d**3 - 3*d**2 - 44*d - 17. Let t be f(10). What is the highest common factor of t and 9?
9
Suppose 198 = 9*k - 90. Suppose -k = 21*b - 25*b. What is the greatest common factor of 24 and b?
8
Suppose 0 = -6*s + 690 + 2286. Calculate the highest common divisor of s and 31.
31
Suppose 10*w - 4 = 96. Calculate the greatest common factor of 2230 and w.
10
Let y(j) = -j**2 - 11*j + 4. Let u be y(-11). Let k = 4 + -20. Let p be u/k + (-674)/(-8). Calculate the greatest common divisor of p and 12.
12
Suppose -115 - 77 = -16*u. Calculate the greatest common factor of u and 192.
12
Let w(z) = -6*z**3 - 10*z**2 - 32*z - 52. Let b be w(-4). What is the greatest common divisor of 24 and b?
12
Suppose -d - 525 = -567. Calculate the highest common factor of d and 154.
14
Let a(l) = -2*l + 3. Let y(n) = -n**2 - 7*n + 12. Let h be y(-9). Let c be a(h). What is the highest common factor of 3 and c?
3
Suppose -7*j - 37 = -177. Suppose -3*r + 48 = 4*v, -v + 17 = 3*r - 2*r. Calculate the greatest common factor of j and r.
20
Let c = 98 - 36. Let p = c + -60. What is the highest common factor of p and 1?
1
Suppose -f - j = 2*j - 5, 0 = 2*f + 4*j - 14. Let u be 3*((-28)/(-6) + -1). What is the highest common factor of u and f?
11
Suppose -2*w - 3*k + 16 = 0, 2 = -w + 4*k - 1. Suppose 2*n - 13 = -3*g, 4*n - 25 - 34 = w*g. Let q = -9 + 53. Calculate the greatest common factor of n and q.
11
Let g be 2/(-4) + 63/(-18). Let z(t) = -11*t - 14. Let i be z(g). What is the highest common divisor of i and 120?
30
Let t be 341/(-33) + (-1)/(-3). Let q = 12 - t. Let j(v) = -v**3 - 10*v**2 - v - 8. Let w be j(-10). What is the highest common factor of w and q?
2
Let n be (198/(-4))/((-1)/10). What is the greatest common factor of 225 and n?
45
Suppose l - 5*u = -19, 0*l - 2*l - 50 = 2*u. Let g be (-129)/21 - 4/(-28). Let z = g - l. What is the greatest common factor of z and 54?
18
Suppose -3*n + 191 = -4*b - 12, -4*n + 258 = b. Let m = 19 - 5. Suppose 2*g = 12 + m. What is the greatest common divisor of n and g?
13
Let q = 39 - 44. Let s be (-359)/q + (-9)/(-45). What is the highest common factor of s and 48?
24
Suppose -717*x = -719*x + 150. What is the highest common factor of x and 60?
15
Let a = -96 + 136. Let k(n) = 11 + 5*n**2 + 2*n + 2*n - n**3 + n. Let v be k(6). Calculate the greatest common factor of a and v.
5
Let o(n) = -n**3 + 6*n**2 - n - 4. Let z be o(3). Let t be 7*((-15)/3 + 0). Let j = t + 75. What is the greatest common divisor of j and z?
20
Suppose 2*o + 5*o - 168 = 0. Suppose -o = -m - 5*m. What is the highest common divisor of 4 and m?
4
Suppose -2*g - 2*l + 52 = 0, 3*g - 132 + 44 = -l. What is the highest common divisor of g and 31?
31
Suppose 26 = 5*w + 4*i - 16, 3*w = 4*i + 6. Suppose 792 = 14*d - w*d. Calculate the greatest common factor of 9 and d.
9
Let p be (-5130)/(-33) - 144/(-264). Suppose 0*l - 4*l = -48. Calculate the greatest common factor of l and p.
12
Let a(j) = -j**3 - 3*j**2 - j. Let n be a(-3). Suppose -n*s + 30 = -6. Calculate the greatest common factor of 132 and s.
12
Let s = -110 + 502. Calculate the highest common divisor of s and 280.
56
Let f be (-5)/20 - (-1122)/8. Let d be ((280/(-3))/7)/((-2)/3). Calculate the greatest common factor of d and f.
20
Let j = 248 - 204. Calculate the highest commo